{"id":30,"date":"2019-09-28T23:25:49","date_gmt":"2019-09-28T23:25:49","guid":{"rendered":"http:\/\/evabader.de\/?page_id=30"},"modified":"2019-09-28T23:25:49","modified_gmt":"2019-09-28T23:25:49","slug":"anwendungsbereiche-und-abrechnung","status":"publish","type":"page","link":"https:\/\/evabader.de\/?page_id=30","title":{"rendered":"Anwendungsbereiche und Abrechnung"},"content":{"rendered":"<p style=\"text-align: left;\"><img loading=\"lazy\" decoding=\"async\" class=\"size-full wp-image-12 alignleft\" src=\"http:\/\/evabader.de\/wp-content\/uploads\/2019\/09\/allhaende.jpg\" alt=\"\" width=\"166\" height=\"281\" \/>Arbeitsschwerpunkte der Gespr\u00e4chstherapie eventuell auch in Verbindung mit Heileurythmie, sind Depressionen, Angstst\u00f6rungen, psychosomatische Erkrankungen, Ersch\u00f6pfungs- zust\u00e4nde, K\u00f6rperwahrnehmungsst\u00f6rungen und Essst\u00f6rungen.<\/p>\n<p>Heileurythmisch behandelt werden vor allem akute, chronische und degenerative Erkrankungen,psychosomatische und psychiatrische Krankheitsbilder und Entwicklungsst\u00f6rungen im Kindesalter.Die Heileurythmie wird auch im Bereich der Salutogenese, der Prophylaxe und Nachsorge angewandt.<\/p>\n<p><strong>Abrechnung<\/strong><br \/>\nZulassung nach HPG. Privatabrechnung, private Krankenversicherungen oder\u00a0\u00a0\u00a0 Heilpraktiker Zusatzversicherungen. Die Kosten der Heileurythmie wird von einigen Krankenkassen ganz oder Anteilig \u00fcbernommen<\/p>\n","protected":false},"excerpt":{"rendered":"<p>Arbeitsschwerpunkte der Gespr\u00e4chstherapie eventuell auch in Verbindung mit Heileurythmie, sind Depressionen, Angstst\u00f6rungen, psychosomatische Erkrankungen, Ersch\u00f6pfungs- zust\u00e4nde, K\u00f6rperwahrnehmungsst\u00f6rungen und Essst\u00f6rungen. Heileurythmisch behandelt werden vor allem akute, chronische und degenerative Erkrankungen,psychosomatische und psychiatrische Krankheitsbilder und Entwicklungsst\u00f6rungen im Kindesalter.Die Heileurythmie wird auch im Bereich der Salutogenese, der Prophylaxe und Nachsorge angewandt. Abrechnung Zulassung nach HPG. Privatabrechnung, private Krankenversicherungen oder\u00a0\u00a0\u00a0 Heilpraktiker Zusatzversicherungen. Die Kosten der Heileurythmie wird von einigen Krankenkassen ganz oder Anteilig \u00fcbernommen<\/p>\n","protected":false},"author":1,"featured_media":0,"parent":0,"menu_order":0,"comment_status":"closed","ping_status":"closed","template":"","meta":{"footnotes":""},"class_list":["post-30","page","type-page","status-publish","hentry"],"_links":{"self":[{"href":"https:\/\/evabader.de\/index.php?rest_route=\/wp\/v2\/pages\/30"}],"collection":[{"href":"https:\/\/evabader.de\/index.php?rest_route=\/wp\/v2\/pages"}],"about":[{"href":"https:\/\/evabader.de\/index.php?rest_route=\/wp\/v2\/types\/page"}],"author":[{"embeddable":true,"href":"https:\/\/evabader.de\/index.php?rest_route=\/wp\/v2\/users\/1"}],"replies":[{"embeddable":true,"href":"https:\/\/evabader.de\/index.php?rest_route=%2Fwp%2Fv2%2Fcomments&post=30"}],"version-history":[{"count":1,"href":"https:\/\/evabader.de\/index.php?rest_route=\/wp\/v2\/pages\/30\/revisions"}],"predecessor-version":[{"id":31,"href":"https:\/\/evabader.de\/index.php?rest_route=\/wp\/v2\/pages\/30\/revisions\/31"}],"wp:attachment":[{"href":"https:\/\/evabader.de\/index.php?rest_route=%2Fwp%2Fv2%2Fmedia&parent=30"}],"curies":[{"name":"wp","href":"https:\/\/api.w.org\/{rel}","templated":true}]}}